 611684821.
11, 55607711
What are the prime factors of 342172922?
2, 7, 13, 613, 3067
What are the prime factors of 236557118?
2, 7, 29, 401, 1453
What are the prime factors of 194126761?
3529, 55009
What are the prime factors of 3168233075?
5, 7, 467, 38767
List the prime factors of 79173135.
3, 5, 821, 2143
What are the prime factors of 234978433?
234978433
List the prime factors of 68210877.
3, 7, 3248137
What are the prime factors of 223917059?
223917059
What are the prime factors of 3000465879?
3, 1000155293
What are the prime factors of 1410591982?
2, 10259, 68749
List the prime factors of 3104744721.
3, 13, 41, 113, 17183
List the prime factors of 5509269827.
199, 27684773
What are the prime factors of 2631812394?
2, 3, 31, 67, 211187
List the prime factors of 1784585674.
2, 349, 2556713
List the prime factors of 52570773.
3, 139, 42023
What are the prime factors of 155999352?
2, 3, 29, 53, 4229
What are the prime factors of 398143238?
2, 173, 1150703
What are the prime factors of 220270983?
3, 41, 43, 41647
What are the prime factors of 6690395?
5, 137, 9767
List the prime factors of 1473180086.
2, 7, 19, 37, 43, 59
List the prime factors of 31062427.
11, 2823857
What are the prime factors of 1462150083?
3, 347, 937, 1499
List the prime factors of 7647097.
29, 167, 1579
What are the prime factors of 39410997?
3, 19, 59, 11719
What are the prime factors of 5006050720?
2, 5, 11, 2137
What are the prime factors of 14056805?
5, 7, 223, 1801
List the prime factors of 71536374.
2, 3, 7, 13, 17, 367
List the prime factors of 20797498.
2, 10398749
What are the prime factors of 184744950?
2, 3, 5, 13, 17, 5573
List the prime factors of 546787555.
5, 337, 324503
What are the prime factors of 3282689928?
2, 3, 7, 41, 103, 661
List the prime factors of 445800857.
19, 193, 121571
What are the prime factors of 174179798?
2, 13, 103, 193, 337
What are the prime factors of 332529192?
2, 3, 59, 97, 269
List the prime factors of 168471451.
251, 671201
What are the prime factors of 270795276?
2, 3, 7522091
List the prime factors of 151115016.
2, 3, 13, 67, 7229
What are the prime factors of 171936052?
2, 337, 127549
What are the prime factors of 464381737?
353, 1019, 1291
List the prime factors of 1362045999.
3, 367, 457, 2707
What are the prime factors of 18458623?
271, 68113
List the prime factors of 36999190.
2, 5, 3699919
What are the prime factors of 34706531?
373, 93047
What are the prime factors of 70227039?
3, 251, 93263
What are the prime factors of 6793739?
6793739
List the prime factors of 336886733.
8761, 38453
What are the prime factors of 40614980?
2, 5, 7, 290107
What are the prime factors of 36256506?
2, 3, 11, 13, 42257
List the prime factors of 8009017972.
2, 7993, 250501
What are the prime factors of 590139084?
2, 3, 49178257
List the prime factors of 1482478887.
3, 601, 822229
What are the prime factors of 1030554907?
353, 2919419
What are the prime factors of 53400653?
601, 88853
What are the prime factors of 367398153?
3, 13607339
What are the prime factors of 25950491?
7, 3707213
What are the prime factors of 185995847?
241, 613, 1259
List the prime factors of 59370242.
2, 149, 281, 709
What are the prime factors of 1896920759?
1896920759
List the prime factors of 1080943155.
3, 5, 19, 1264261
List the prime factors of 27644380.
2, 5, 17, 81307
List the prime factors of 26527525.
5, 1061101
What are the prime factors of 29215621?
29215621
List the prime factors of 8371764971.
17, 19, 25918777
What are the prime factors of 470951959?
10711, 43969
List the prime factors of 2669520133.
7, 1951, 195469
List the prime factors of 5576694.
2, 3, 353, 2633
List the prime factors of 14985829.
14985829
List the prime factors of 1882576695.
3, 5, 53, 929, 2549
What are the prime factors of 147773270?
2, 5, 29, 509563
What are the prime factors of 1189068575?
5, 251, 189493
What are the prime factors of 699405709?
37, 101, 211, 887
List the prime factors of 138434413.
13, 10648801
What are the prime factors of 6221358?
2, 3, 11, 13, 2417
List the prime factors of 363225444.
2, 3, 30268787
What are the prime factors of 46403119?
7, 971, 6827
List the prime factors of 237134666.
2, 17, 1483, 4703
What are the prime factors of 6634107537?
3, 151, 14644829
What are the prime factors of 3528050954?
2, 83, 21253319
List the prime factors of 3096832759.
3907, 792637
What are the prime factors of 61269468?
2, 3, 13, 97, 4049
List the prime factors of 466295440.
2, 5, 13, 43, 10427
What are the prime factors of 460487065?
5, 92097413
List the prime factors of 69988786.
2, 7, 79, 63281
What are the prime factors of 221408467?
7, 61, 518521
List the prime factors of 30793485.
3, 5, 2052899
List the prime factors of 133895102.
2, 11, 83, 73327
What are the prime factors of 2304580249?
641, 3595289
List the prime factors of 111985680.
2, 3, 5, 37, 12611
List the prime factors of 1012929604.
2, 73, 103, 33679
What are the prime factors of 2230235654?
2, 53, 1063, 19793
List the prime factors of 1473029780.
2, 5, 103, 715063
List the prime factors of 62753990.
2, 5, 13, 241, 2003
List the prime factors of 138756334.
2, 61, 947, 1201
List the prime factors of 121321488.
2, 3, 307, 8233
List the prime factors of 32034615.
3, 5, 2135641
What are the prime factors of 172076551?
172076551
What are the prime factors of 106768490?
2, 5, 47, 227167
What are the prime factors of 3219255923?
13, 439, 564089
What are the prime factors of 220691801?
11, 59, 340049
What are the prime factors of 318472550?
2, 5, 11, 439, 1319
List the prime factors of 20237386.
2, 13, 778361
List the prime factors of 1541614485.
3, 5, 17, 6045547
What are the prime factors of 52557732?
2, 3, 1459937
List the prime factors of 3599087336.
2, 13, 34606609
What are the prime factors of 40973986?
2, 1693, 12101
List the prime factors of 740208652.
2, 185052163
What are the prime factors of 6364896?
2, 3, 66301
List the prime factors of 996757772.
2, 4861, 51263
What are the prime factors of 54891961?
23, 67, 179, 199
List the prime factors of 30501647.
11, 61, 131, 347
What are the prime factors of 118098348?
2, 3, 197, 49957
What are the prime factors of 564643805?
5, 11, 19, 223, 2423
List the prime factors of 66851395.
5, 13, 17, 101, 599
List the prime factors of 152456065.
5, 30491213
What are the prime factors of 1067508835?
5, 213501767
What are the prime factors of 89849981?
13, 17, 406561
What are the prime factors of 226913737?
226913737
What are the prime factors of 3566526551?
7, 3167, 160879
What are the prime factors of 144300817?
144300817
What are the prime factors of 43180010?
2, 5, 1613, 2677
What are the prime factors of 76495226?
2, 47, 79, 10301
What are the prime factors of 99726818?
2, 251, 198659
What are the prime factors of 1302081889?
641, 3169
What are the prime factors of 291512009?
41, 7110049
What are the prime factors of 38057030?
2, 5, 11, 277, 1249
What are the prime factors of 1559609?
1559609
List the prime factors of 153722834.
2, 107, 718331
What are the prime factors of 596218583?
149, 4001467
What are the prime factors of 18983121?
3, 6327707
What are the prime factors of 50899768?
2, 17, 31, 12073
List the prime factors of 169440462.
2, 3, 17, 553727
What are the prime factors of 2331521241?
3, 7, 239, 464539
List the prime factors of 393566886.
2, 3, 31, 705317
List the prime factors of 288834514.
2, 144417257
What are the prime factors of 51324831?
3, 5702759
What are the prime factors of 4472341949?
4472341949
List the prime factors of 5643638419.
19, 79, 3759919
What are the prime factors of 121737475?
5, 4869499
List the prime factors of 234236400.
2, 3, 5, 195197
List the prime factors of 425277230.
2, 5, 7, 6075389
List the prime factors of 34684792.
2, 79, 54881
List the prime factors of 21185696.
2, 7, 271, 349
List the prime factors of 308923221.
3, 102974407
List the prime factors of 5420110335.
3, 5, 19, 863, 22037
What are the prime factors of 826210660?
2, 5, 11, 241, 15583
What are the prime factors of 4421622?
2, 3, 736937
List the prime factors of 507462820.
2, 5, 79, 509, 631
What are the prime factors of 959451664?
2, 19, 3156091
List the prime factors of 407357486.
2, 203678743
List the prime factors of 21020047.
71, 137, 2161
L